- -53. Suppose n*p - 20 + 12 = 0. Suppose -5*t + 16 = -p. What is the greatest common divisor of t and 4?
4
Suppose -2*x = -j - 31611, 5*x - 4*j - 83825 + 4799 = 0. Calculate the highest common factor of 14 and x.
14
Suppose -78*w + 30 = -88*w. Let f be ((-7)/21)/(w/1053). What is the greatest common divisor of 3 and f?
3
Let t(q) = 2*q**3 - 175*q**2 + 92*q - 431. Let w be t(87). Calculate the greatest common factor of w and 125.
1
Let a = 50 + -48. Suppose -3*m - 4 + 24 = 5*c, 4*c - 16 = -a*m. Suppose h - 8 = 2*b, c*b = 2*h - 3*h - 10. Calculate the highest common divisor of h and 1.
1
Let g(m) = -m**3 - m**2 + 7*m - 20. Let b be g(-7). Let t be b - -2 - (-6 + 12). Calculate the highest common divisor of 34 and t.
17
Let j = -4963 + 5251. What is the greatest common factor of j and 180?
36
Let o(c) = 31*c - 309. Let p be 17/(1309/66)*(37 + -2). Let z be o(p). What is the highest common factor of 23 and z?
23
Let u(j) = -j**3 + 26*j**2 - 22*j - 42. Let v be u(25). Let x be ((-15)/(-3) - 6)/((-3)/v). What is the highest common divisor of x and 88?
11
Let d(s) be the third derivative of -5/12*s**4 + 1/60*s**5 + 15*s**2 - 5/3*s**3 + 0 + 0*s. Let z be d(12). Calculate the highest common divisor of z and 140.
14
Let t be (-6 - (-18 - 0))/(2/(-16)*-3). What is the greatest common divisor of 632 and t?
8
Let t = 10 + -3. Let c = -275 - -394. Calculate the highest common factor of c and t.
7
Let t(g) = -g**2 + 13*g + 17. Let r be t(14). Suppose 3*s = 2*x + 57, 3*s - 9*x - 21 = -13*x. What is the highest common divisor of r and s?
3
Suppose 0 = -4*i + 4*j - 13 + 9, 5*i - 4*j + 7 = 0. Let m be (-15)/i - 128/(-8). What is the greatest common factor of 21 and m?
21
Suppose -x = 4*f + 1, 16*f + 83 = 5*x + 14*f. Let y be -1 - (-290 - 4)/(x/10). Calculate the greatest common divisor of 15 and y.
15
Suppose 106*k - 621093 = 73*k. What is the greatest common factor of 29 and k?
29
Suppose -81 = 2*q - 33*q + 1469. Calculate the highest common factor of 12 and q.
2
Suppose -2*d = 5*x + 227 - 13, -x + d = 47. Let p be 3*(x/(-12) + -2). Suppose -94 - 116 = -p*c. Calculate the highest common divisor of c and 56.
14
Let l = 200 - -67. Let p = 1181 - 736. What is the highest common divisor of l and p?
89
Suppose 0*n = -11*n + 1320. Let j = 449 + -433. Calculate the greatest common factor of n and j.
8
Let b be 1 - 2933/4 - (-118)/472. Let f = 817 + b. What is the greatest common factor of f and 119?
17
Suppose -2*k = -4*k + 22. Let y(j) = j**3 - 36*j**2 + 269*j - 701. Let g be y(27). Calculate the highest common factor of k and g.
1
Let c be -8 + -1566*(-10)/20. Suppose -2*d - 8 = 0, 5*d - d = 4*j - 116. Calculate the greatest common divisor of j and c.
25
Suppose -2*r + 156 = 3*j, r - 3*j = -0*r + 60. Calculate the highest common divisor of r and 2196.
36
Suppose 0 = -2*u + 9*u - 63. Suppose 0 = u*c - 5*c - 40. Calculate the highest common divisor of c and 10.
10
Let q(t) = 127*t + 528. Let m be q(12). Calculate the highest common divisor of 152 and m.
76
Suppose -4*a = -5*u + 1614, u = 37 - 35. Let i = 425 + a. Let n be (4/2)/((-2)/(-3)). Calculate the greatest common divisor of i and n.
3
Let z be 46 + (16 - 11) + 19. Suppose o - 16 = -3*o, -5*f + 3*o = -73. Let k = f - 7. Calculate the greatest common factor of z and k.
10
Suppose 3*r - 42 = r. Suppose l - 5*w = -55, -4*l = -w + 206 + 14. Let f = 92 - l. What is the greatest common factor of r and f?
21
Let v be 1150 + 2 - 35/(-5). What is the highest common factor of v and 61?
61
Let a = 374 - 246. Suppose 5*q - 30 = -5*j, 2*j = -3*q + 16 - 0. Let w be (-6)/21 + (-339)/(-42)*q. What is the greatest common divisor of a and w?
32
Suppose 0*b = 3*f - 2*b - 59, 5*f + 2*b - 93 = 0. Suppose -f = 6*d - 49. Suppose r = i - 9, -2*i - i + d*r = -37. What is the highest common divisor of 6 and i?
2
Let r be -1 + 1 + (1 - -16). Let j be 9/21 + (-396228)/(-2597). What is the greatest common factor of r and j?
17
Suppose -o + 19 + 16 = 0. Let v be (45/(-108)*6)/(15/(-84)). Calculate the highest common divisor of o and v.
7
Suppose -2*h - 3*u = 193, u + 361 = 4*h - 8*h. Let a = 111 + h. Calculate the highest common divisor of 77 and a.
11
Let v(j) = -7*j - 8. Let r be v(-11). Suppose 4*o - r = 3*q - 269, -4*q + o = -284. Let s = 16 - 8. Calculate the greatest common divisor of q and s.
8
Let k(y) be the third derivative of 7*y**4/24 - 32*y**3/3 + 21*y**2 + 1. Let s be k(12). What is the highest common divisor of s and 50?
10
Let r(x) = 6*x**2 + 160*x - 916. Let d be r(6). What is the highest common divisor of d and 440?
20
Suppose 2*l - 1305 = -113. Let m = l + -585. Let v = -93 + 302. What is the highest common divisor of m and v?
11
Let k = 15 - 40. Let d = -62 - k. Let c = -10 - d. Calculate the greatest common divisor of 18 and c.
9
Let a = 161 + -155. Let p be 47 + (-10)/(-1 + a). What is the highest common factor of p and 585?
45
Let z(a) = 12*a + 78. Let n be z(-6). Let s(j) = -j**2 + 12*j - 24. Let g be s(n). Calculate the highest common divisor of 20 and g.
4
Let d(a) = -29*a + 60. Let x be d(2). Suppose 30 = 4*r + 2*q, r + 2*q - 5 - 4 = 0. Let n = r + -5. What is the highest common factor of n and x?
2
Suppose 2*t + 5*l - 4493 = 6142, 2*t - l - 10617 = 0. What is the greatest common factor of 90 and t?
90
Let x be (-1)/(((-21)/(-306))/(-7)). Calculate the greatest common factor of x and 300.
6
Suppose 0 = -5*y - v + 533, 4*v + 297 = 3*y - 3*v. Calculate the greatest common divisor of y and 901.
53
Let h = 113849 - 113803. Suppose -5*w + 2124 + 61 = 0. Calculate the greatest common divisor of h and w.
23
Let p(g) = 3*g**2 + 24*g + 24. Let w(q) = 13*q**2 + 95*q + 96. Let c(x) = 9*p(x) - 2*w(x). Let z be c(-27). What is the highest common divisor of 3 and z?
3
Suppose -25*g - 147 = -147. Suppose g = 5*i + 10, 0*z + 4*i + 42 = 2*z. Let y = -379 - -566. Calculate the greatest common factor of y and z.
17
Let h(q) = q**2 + 13*q + 17. Let x be h(-18). Suppose -5*z + x - 182 = 0. Let m be ((-126)/z)/((-6)/(-15)). Calculate the highest common factor of 189 and m.
21
Suppose 0 = -s + 65*c - 63*c + 280, -c = 4*s - 1093. What is the highest common factor of s and 411?
137
Let t be (6*1)/(((-20)/250)/(84/(-45))). Calculate the greatest common divisor of 9730 and t.
70
Suppose 5*s - 3*b - 3629 = 0, 2*s + 26*b - 25*b = 1467. What is the highest common factor of 1387 and s?
73
Let m(a) = -44*a + 902. Let u be m(-57). Calculate the highest common factor of 275 and u.
55
Let c(i) = -4*i**2 + 610*i - 825. Let z be c(151). What is the greatest common divisor of z and 159?
3
Let h be (12/(-18))/1 - (-74)/3. Let b be (h/(-28))/((-5)/105). Calculate the greatest common divisor of 2 and b.
2
Let s(f) = 11*f - 36. Let b be s(5). Let l = -15 + b. Let x be l - 360/(-4) - -1. Calculate the highest common factor of x and 19.
19
Let h = -23556 + 23696. Suppose 3*w + 4*t - 268 = 0, 2*t - 412 = -5*w + 4*t. Calculate the highest common factor of w and h.
28
Let m(u) be the first derivative of -6*u**2 + 3*u**3 - 1/4*u**4 - 7 + 15*u. Let t be m(6). What is the greatest common divisor of 68 and t?
17
Let t(b) = 4*b**2 + 13*b - 12. Let l be t(-6). Calculate the greatest common divisor of l and 918.
54
Suppose -3*o + 4*l + 469 = 0, 2*o = -l - 569 + 856. Calculate the highest common factor of 9 and o.
3
Let s be (2/6 + 8 + -8)/(2/264). What is the greatest common divisor of s and 44?
44
Let x(k) = -29*k - 217. Let u be x(-45). Calculate the greatest common factor of 192 and u.
64
Suppose 4*i - 254 = -2*d, 7*d = -i + 6*d + 61. What is the greatest common factor of 308 and i?
22
Suppose 106*v = 820*v - 868224. Calculate the highest common divisor of 95 and v.
19
Suppose -2*z + 4 = 12*f - 9*f, 2*z - 10 = -2*f. Suppose q + 6 = 2*q. Let b be ((-55)/(-15))/(1/q). What is the greatest common factor of z and b?
11
Let s(d) = 506*d + 2. Let i be s(1). Suppose 0 = -2*c - 5*h + 303 - 61, 0 = -4*c + 2*h + i. Let t = 177 - c. Calculate the highest common factor of t and 17.
17
Let m be (3/(-5) + 1)*-655. Let b = -199 - m. What is the greatest common factor of 84 and b?
21
Suppose 23192 = 3*i + 4*g, -i + 1843*g + 7724 = 1841*g. What is the highest common divisor of i and 42?
42
Let u be 8/(-2)*7/28 - -2. Let o be u + 4*15/20. Suppose -57 = -o*b + 23. Calculate the